{"id":35,"date":"2026-03-02T18:00:43","date_gmt":"2026-03-02T18:00:43","guid":{"rendered":"http:\/\/lydenafkultur.dk\/?page_id=35"},"modified":"2026-03-14T12:26:52","modified_gmt":"2026-03-14T12:26:52","slug":"podcast","status":"publish","type":"page","link":"https:\/\/lydenafkultur.dk\/?page_id=35","title":{"rendered":"Podcast"},"content":{"rendered":"\n<div class=\"wp-block-group alignfull is-style-section-2 has-global-padding is-layout-constrained wp-block-group-is-layout-constrained is-style-section-2--1\" style=\"margin-top:0;margin-bottom:0;padding-top:var(--wp--preset--spacing--60);padding-bottom:var(--wp--preset--spacing--60)\">\n<div class=\"wp-block-columns alignwide is-layout-flex wp-container-core-columns-is-layout-643ced6b wp-block-columns-is-layout-flex\">\n<div class=\"wp-block-column is-layout-flow wp-block-column-is-layout-flow\" style=\"flex-basis:40%\">\n<figure class=\"wp-block-image size-full\"><img loading=\"lazy\" decoding=\"async\" width=\"1024\" height=\"1024\" src=\"http:\/\/lydenafkultur.dk\/wp-content\/uploads\/2026\/03\/cyberpunk_alice_in_wonderland.png\" alt=\"\" class=\"wp-image-41\" srcset=\"https:\/\/lydenafkultur.dk\/wp-content\/uploads\/2026\/03\/cyberpunk_alice_in_wonderland.png 1024w, https:\/\/lydenafkultur.dk\/wp-content\/uploads\/2026\/03\/cyberpunk_alice_in_wonderland-300x300.png 300w, https:\/\/lydenafkultur.dk\/wp-content\/uploads\/2026\/03\/cyberpunk_alice_in_wonderland-150x150.png 150w, https:\/\/lydenafkultur.dk\/wp-content\/uploads\/2026\/03\/cyberpunk_alice_in_wonderland-768x768.png 768w\" sizes=\"auto, (max-width: 1024px) 100vw, 1024px\" \/><\/figure>\n<\/div>\n\n\n\n<div class=\"wp-block-column is-vertically-aligned-center is-layout-flow wp-container-core-column-is-layout-119bc444 wp-block-column-is-layout-flow\" style=\"flex-basis:60%\">\n<h2 class=\"wp-block-heading has-xx-large-font-size\">The Stories Podcast<\/h2>\n\n\n\n<p>Livet som musiker, som ung forvirret menneske, som levende v\u00e6sen. Tilv\u00e6relsen rummer mange udfordringer og valg, men det er vigtigt vi ikke glemmer det gode, at vi ikke glemmer livet. Denne podcast handler om at finde ind til, eller m\u00e5ske tilbage, til livet efter og gennem m\u00f8rke tider.<\/p>\n\n\n\n<div class=\"wp-block-group is-vertical is-layout-flex wp-container-core-group-is-layout-41e20069 wp-block-group-is-layout-flex\">\n<h3 class=\"wp-block-heading has-small-font-size\" style=\"font-style:normal;font-weight:600;letter-spacing:1px;text-transform:uppercase\">Subscribe p\u00e5 din yndlings platform<\/h3>\n\n\n\n<div class=\"wp-block-group is-layout-flex wp-block-group-is-layout-flex\">\n<p class=\"is-style-text-annotation is-style-text-annotation--2\"><a href=\"#\">Youtube<\/a><\/p>\n\n\n\n<p class=\"is-style-text-annotation is-style-text-annotation--3\"><a href=\"#\">Apple Podcasts<\/a><\/p>\n\n\n\n<p class=\"is-style-text-annotation is-style-text-annotation--4\"><a href=\"#\">Spotify<\/a><\/p>\n\n\n\n<p class=\"is-style-text-annotation is-style-text-annotation--5\"><a href=\"#\">Pocket Casts<\/a><\/p>\n\n\n\n<p class=\"is-style-text-annotation is-style-text-annotation--6\"><a href=\"#\">RSS<\/a><\/p>\n<\/div>\n<\/div>\n<\/div>\n<\/div>\n<\/div>\n\n\n\n<div class=\"wp-block-group alignfull is-style-section-5 has-global-padding is-layout-constrained wp-block-group-is-layout-constrained is-style-section-5--7\" style=\"margin-top:0;margin-bottom:0;padding-top:var(--wp--preset--spacing--50);padding-bottom:var(--wp--preset--spacing--50)\">\n<div class=\"wp-block-columns alignwide is-layout-flex wp-container-core-columns-is-layout-7ee84d44 wp-block-columns-is-layout-flex\">\n<div class=\"wp-block-column is-vertically-aligned-center is-layout-flow wp-block-column-is-layout-flow\" style=\"flex-basis:50%\">\n<h2 class=\"wp-block-heading\">Hvem er vi <\/h2>\n\n\n\n<p class=\"has-medium-font-size\">Podcastens v\u00e6rt er rapperen, p\u00e6dagogmedhj\u00e6lperen og woltbuddet, Mikkel DL; Alene og sammen med mine venner taler jeg om det unge, \u00e6ldre og mennesker t\u00e6nker p\u00e5. Kort og godt, endnu en podcast som ingen m\u00e5ske har bedt om, men som de alts\u00e5 fik. Lidt lisom at f\u00e5 noget, der ikke var p\u00e5 \u00f8nskelisten &#8211; nogle gange for det bedre, andre gange iike.<\/p>\n<\/div>\n\n\n\n<div class=\"wp-block-column is-vertically-aligned-center is-layout-flow wp-block-column-is-layout-flow\" style=\"flex-basis:50%\">\n<figure class=\"wp-block-image size-full\"><img decoding=\"async\" src=\"http:\/\/lydenafkultur.dk\/wp-content\/themes\/twentytwentyfive\/assets\/images\/ruins-image.webp\" alt=\"Cliff Palace, Colorado\" style=\"aspect-ratio:1;object-fit:cover\"\/><\/figure>\n<\/div>\n<\/div>\n<\/div>\n\n\n\n<div class=\"wp-block-group alignfull is-style-section-1 has-global-padding is-layout-constrained wp-block-group-is-layout-constrained is-style-section-1--8\" style=\"margin-top:0;margin-bottom:0;padding-top:var(--wp--preset--spacing--80);padding-bottom:var(--wp--preset--spacing--80)\">\n<h2 class=\"wp-block-heading has-text-align-center\">Vores Sponsorer<\/h2>\n\n\n\n<div style=\"height:var(--wp--preset--spacing--30)\" aria-hidden=\"true\" class=\"wp-block-spacer\"><\/div>\n\n\n\n<div class=\"wp-block-group alignwide is-content-justification-center is-layout-flex wp-container-core-group-is-layout-2c471116 wp-block-group-is-layout-flex\">\n\n\n\n\n\n\n\n<\/div>\n<\/div>\n\n\n\n<div class=\"wp-block-group alignfull has-global-padding is-layout-constrained wp-container-core-group-is-layout-ebee8dc1 wp-block-group-is-layout-constrained\" style=\"margin-top:0;margin-bottom:0;padding-top:var(--wp--preset--spacing--50);padding-bottom:var(--wp--preset--spacing--50)\">\n<div class=\"wp-block-group alignwide is-content-justification-space-between is-layout-flex wp-container-core-group-is-layout-9366075c wp-block-group-is-layout-flex\">\n<h2 class=\"wp-block-heading alignwide has-text-align-left is-style-text-subtitle has-x-large-font-size is-style-text-subtitle--9\">Udforsk episoderne<\/h2>\n\n\n\n<p class=\"is-style-text-annotation is-style-text-annotation--10\">Podcast<\/p>\n<\/div>\n\n\n\n<div class=\"wp-block-group alignwide is-layout-grid wp-container-core-group-is-layout-1ce758a5 wp-block-group-is-layout-grid\">\n<figure class=\"wp-block-video\"><\/figure>\n\n\n\n<figure class=\"wp-block-video\"><\/figure>\n\n\n\n<figure class=\"wp-block-video\"><\/figure>\n\n\n\n<figure class=\"wp-block-video\"><\/figure>\n\n\n\n<figure class=\"wp-block-video\"><\/figure>\n\n\n\n<figure class=\"wp-block-video\"><\/figure>\n<\/div>\n<\/div>\n\n\n\n<aside class=\"wp-block-group alignfull is-style-section-3 has-global-padding is-layout-constrained wp-container-core-group-is-layout-f0f2a97b wp-block-group-is-layout-constrained is-style-section-3--11\" style=\"margin-top:0;margin-bottom:0;padding-top:var(--wp--preset--spacing--50);padding-right:var(--wp--preset--spacing--50);padding-bottom:var(--wp--preset--spacing--50);padding-left:var(--wp--preset--spacing--50)\">\n<div class=\"wp-block-group is-vertical is-content-justification-center is-layout-flex wp-container-core-group-is-layout-8778ca4a wp-block-group-is-layout-flex\" style=\"min-height:360px;margin-top:0;margin-bottom:0\">\n<h2 class=\"wp-block-heading has-text-align-center has-xx-large-font-size\">Subscribe og f\u00e5 nye opdateringer<\/h2>\n\n\n\n<p class=\"has-text-align-center is-style-text-subtitle is-style-text-subtitle--12\">F\u00f8lg med n\u00e5r der uploades nye \u00f8jeblikke og nyt content.<\/p>\n\n\n\n<div style=\"height:0px\" aria-hidden=\"true\" class=\"wp-block-spacer wp-container-content-62aae154\"><\/div>\n\n\n\n<div class=\"wp-block-buttons is-content-justification-center is-layout-flex wp-container-core-buttons-is-layout-a89b3969 wp-block-buttons-is-layout-flex\">\n<div class=\"wp-block-button\"><a class=\"wp-block-button__link has-text-align-center wp-element-button\">Subscribe<\/a><\/div>\n<\/div>\n<\/div>\n<\/aside>\n","protected":false},"excerpt":{"rendered":"<p>The Stories Podcast Livet som musiker, som ung forvirret menneske, som levende v\u00e6sen. Tilv\u00e6relsen rummer mange udfordringer og valg, men det er vigtigt vi ikke glemmer det gode, at vi ikke glemmer livet. Denne podcast handler om at finde ind til, eller m\u00e5ske tilbage, til livet efter og gennem m\u00f8rke tider. Subscribe p\u00e5 din yndlings [&hellip;]<\/p>\n","protected":false},"author":1,"featured_media":0,"parent":0,"menu_order":0,"comment_status":"closed","ping_status":"closed","template":"","meta":{"footnotes":""},"class_list":["post-35","page","type-page","status-publish","hentry"],"_links":{"self":[{"href":"https:\/\/lydenafkultur.dk\/index.php?rest_route=\/wp\/v2\/pages\/35","targetHints":{"allow":["GET"]}}],"collection":[{"href":"https:\/\/lydenafkultur.dk\/index.php?rest_route=\/wp\/v2\/pages"}],"about":[{"href":"https:\/\/lydenafkultur.dk\/index.php?rest_route=\/wp\/v2\/types\/page"}],"author":[{"embeddable":true,"href":"https:\/\/lydenafkultur.dk\/index.php?rest_route=\/wp\/v2\/users\/1"}],"replies":[{"embeddable":true,"href":"https:\/\/lydenafkultur.dk\/index.php?rest_route=%2Fwp%2Fv2%2Fcomments&post=35"}],"version-history":[{"count":4,"href":"https:\/\/lydenafkultur.dk\/index.php?rest_route=\/wp\/v2\/pages\/35\/revisions"}],"predecessor-version":[{"id":43,"href":"https:\/\/lydenafkultur.dk\/index.php?rest_route=\/wp\/v2\/pages\/35\/revisions\/43"}],"wp:attachment":[{"href":"https:\/\/lydenafkultur.dk\/index.php?rest_route=%2Fwp%2Fv2%2Fmedia&parent=35"}],"curies":[{"name":"wp","href":"https:\/\/api.w.org\/{rel}","templated":true}]}}

<div class="wp-block-group alignfull is-style-section-2 has-global-padding is-layout-constrained wp-block-group-is-layout-constrained is-style-section-2--1" style="margin-top:0;margin-bottom:0;padding-top:var(--wp--preset--spacing--60);padding-bottom:var(--wp--preset--spacing--60)">
<div class="wp-block-columns alignwide is-layout-flex wp-container-core-columns-is-layout-643ced6b wp-block-columns-is-layout-flex">
<div class="wp-block-column is-layout-flow wp-block-column-is-layout-flow" style="flex-basis:40%">
<figure class="wp-block-image size-full"><img loading="lazy" decoding="async" width="1024" height="1024" src="http://lydenafkultur.dk/wp-content/uploads/2026/03/cyberpunk_alice_in_wonderland.png" alt="" class="wp-image-41" srcset="https://lydenafkultur.dk/wp-content/uploads/2026/03/cyberpunk_alice_in_wonderland.png 1024w, https://lydenafkultur.dk/wp-content/uploads/2026/03/cyberpunk_alice_in_wonderland-300x300.png 300w, https://lydenafkultur.dk/wp-content/uploads/2026/03/cyberpunk_alice_in_wonderland-150x150.png 150w, https://lydenafkultur.dk/wp-content/uploads/2026/03/cyberpunk_alice_in_wonderland-768x768.png 768w" sizes="auto, (max-width: 1024px) 100vw, 1024px" /></figure>
</div>



<div class="wp-block-column is-vertically-aligned-center is-layout-flow wp-container-core-column-is-layout-119bc444 wp-block-column-is-layout-flow" style="flex-basis:60%">
<h2 class="wp-block-heading has-xx-large-font-size">The Stories Podcast</h2>



<p>Livet som musiker, som ung forvirret menneske, som levende væsen. Tilværelsen rummer mange udfordringer og valg, men det er vigtigt vi ikke glemmer det gode, at vi ikke glemmer livet. Denne podcast handler om at finde ind til, eller måske tilbage, til livet efter og gennem mørke tider.</p>



<div class="wp-block-group is-vertical is-layout-flex wp-container-core-group-is-layout-41e20069 wp-block-group-is-layout-flex">
<h3 class="wp-block-heading has-small-font-size" style="font-style:normal;font-weight:600;letter-spacing:1px;text-transform:uppercase">Subscribe på din yndlings platform</h3>



<div class="wp-block-group is-layout-flex wp-block-group-is-layout-flex">
<p class="is-style-text-annotation is-style-text-annotation--2"><a href="#">Youtube</a></p>



<p class="is-style-text-annotation is-style-text-annotation--3"><a href="#">Apple Podcasts</a></p>



<p class="is-style-text-annotation is-style-text-annotation--4"><a href="#">Spotify</a></p>



<p class="is-style-text-annotation is-style-text-annotation--5"><a href="#">Pocket Casts</a></p>



<p class="is-style-text-annotation is-style-text-annotation--6"><a href="#">RSS</a></p>
</div>
</div>
</div>
</div>
</div>



<div class="wp-block-group alignfull is-style-section-5 has-global-padding is-layout-constrained wp-block-group-is-layout-constrained is-style-section-5--7" style="margin-top:0;margin-bottom:0;padding-top:var(--wp--preset--spacing--50);padding-bottom:var(--wp--preset--spacing--50)">
<div class="wp-block-columns alignwide is-layout-flex wp-container-core-columns-is-layout-7ee84d44 wp-block-columns-is-layout-flex">
<div class="wp-block-column is-vertically-aligned-center is-layout-flow wp-block-column-is-layout-flow" style="flex-basis:50%">
<h2 class="wp-block-heading">Hvem er vi </h2>



<p class="has-medium-font-size">Podcastens vært er rapperen, pædagogmedhjælperen og woltbuddet, Mikkel DL; Alene og sammen med mine venner taler jeg om det unge, ældre og mennesker tænker på. Kort og godt, endnu en podcast som ingen måske har bedt om, men som de altså fik. Lidt lisom at få noget, der ikke var på ønskelisten &#8211; nogle gange for det bedre, andre gange iike.</p>
</div>



<div class="wp-block-column is-vertically-aligned-center is-layout-flow wp-block-column-is-layout-flow" style="flex-basis:50%">
<figure class="wp-block-image size-full"><img decoding="async" src="http://lydenafkultur.dk/wp-content/themes/twentytwentyfive/assets/images/ruins-image.webp" alt="Cliff Palace, Colorado" style="aspect-ratio:1;object-fit:cover"/></figure>
</div>
</div>
</div>



<div class="wp-block-group alignfull is-style-section-1 has-global-padding is-layout-constrained wp-block-group-is-layout-constrained is-style-section-1--8" style="margin-top:0;margin-bottom:0;padding-top:var(--wp--preset--spacing--80);padding-bottom:var(--wp--preset--spacing--80)">
<h2 class="wp-block-heading has-text-align-center">Vores Sponsorer</h2>



<div style="height:var(--wp--preset--spacing--30)" aria-hidden="true" class="wp-block-spacer"></div>



<div class="wp-block-group alignwide is-content-justification-center is-layout-flex wp-container-core-group-is-layout-2c471116 wp-block-group-is-layout-flex">







</div>
</div>



<div class="wp-block-group alignfull has-global-padding is-layout-constrained wp-container-core-group-is-layout-ebee8dc1 wp-block-group-is-layout-constrained" style="margin-top:0;margin-bottom:0;padding-top:var(--wp--preset--spacing--50);padding-bottom:var(--wp--preset--spacing--50)">
<div class="wp-block-group alignwide is-content-justification-space-between is-layout-flex wp-container-core-group-is-layout-9366075c wp-block-group-is-layout-flex">
<h2 class="wp-block-heading alignwide has-text-align-left is-style-text-subtitle has-x-large-font-size is-style-text-subtitle--9">Udforsk episoderne</h2>



<p class="is-style-text-annotation is-style-text-annotation--10">Podcast</p>
</div>



<div class="wp-block-group alignwide is-layout-grid wp-container-core-group-is-layout-1ce758a5 wp-block-group-is-layout-grid">
<figure class="wp-block-video"></figure>



<figure class="wp-block-video"></figure>



<figure class="wp-block-video"></figure>



<figure class="wp-block-video"></figure>



<figure class="wp-block-video"></figure>



<figure class="wp-block-video"></figure>
</div>
</div>



<aside class="wp-block-group alignfull is-style-section-3 has-global-padding is-layout-constrained wp-container-core-group-is-layout-f0f2a97b wp-block-group-is-layout-constrained is-style-section-3--11" style="margin-top:0;margin-bottom:0;padding-top:var(--wp--preset--spacing--50);padding-right:var(--wp--preset--spacing--50);padding-bottom:var(--wp--preset--spacing--50);padding-left:var(--wp--preset--spacing--50)">
<div class="wp-block-group is-vertical is-content-justification-center is-layout-flex wp-container-core-group-is-layout-8778ca4a wp-block-group-is-layout-flex" style="min-height:360px;margin-top:0;margin-bottom:0">
<h2 class="wp-block-heading has-text-align-center has-xx-large-font-size">Subscribe og få nye opdateringer</h2>



<p class="has-text-align-center is-style-text-subtitle is-style-text-subtitle--12">Følg med når der uploades nye øjeblikke og nyt content.</p>



<div style="height:0px" aria-hidden="true" class="wp-block-spacer wp-container-content-62aae154"></div>



<div class="wp-block-buttons is-content-justification-center is-layout-flex wp-container-core-buttons-is-layout-a89b3969 wp-block-buttons-is-layout-flex">
<div class="wp-block-button"><a class="wp-block-button__link has-text-align-center wp-element-button">Subscribe</a></div>
</div>
</div>
</aside>

<p>The Stories Podcast Livet som musiker, som ung forvirret menneske, som levende væsen. Tilværelsen rummer mange udfordringer og valg, men det er vigtigt vi ikke glemmer det gode, at vi ikke glemmer livet. Denne podcast handler om at finde ind til, eller måske tilbage, til livet efter og gennem mørke tider. Subscribe på din yndlings [&hellip;]</p>
